se 9?
-34468
-144140 (base 5) to base 12
-36a2
-32230300 (base 4) to base 16
-eb30
11011001110001 (base 2) to base 7
55430
Convert -1141 (base 7) to base 11.
-353
Convert -33412 (base 10) to base 5.
-2032122
Convert -7d (base 16) to base 12.
-a5
What is 320032 (base 4) in base 12?
20ba
What is 429 (base 12) in base 5?
4414
Convert -19965 (base 11) to base 5.
-1342110
What is 10476 (base 9) in base 11?
5252
What is 279b (base 12) in base 8?
10747
What is 121434 (base 5) in base 12?
280b
Convert 902 (base 11) to base 16.
443
-22603 (base 7) to base 13
-2830
What is -d11 (base 15) in base 16?
-b7d
What is -110110101 (base 2) in base 7?
-1163
What is -21000 (base 8) in base 11?
-65a3
What is -4211214 (base 5) in base 2?
-10000111110110111
-133101 (base 4) to base 2
-11111010001
Convert 42 (base 15) to base 7.
116
What is 36328 (base 10) in base 2?
1000110111101000
Convert 231 (base 6) to base 2.
1011011
Convert -cd3 (base 15) to base 6.
-21230
What is -337 (base 10) in base 7?
-661
Convert 2402 (base 13) to base 12.
2b28
-4631 (base 7) to base 15
-778
Convert 113 (base 12) to base 13.
c3
What is -364 (base 14) in base 9?
-831
What is -2022011 (base 3) in base 8?
-3216
-26405 (base 8) to base 5
-332100
Convert 249b (base 15) to base 14.
2bac
1113 (base 5) to base 15
a8
Convert -a41 (base 11) to base 4.
-103213
Convert 230131 (base 4) to base 10.
2845
-1302303 (base 4) to base 7
-30264
3011 (base 9) to base 3
10000101
6305 (base 7) to base 10
2210
What is 144 (base 7) in base 12?
69
Convert -11111011 (base 2) to base 6.
-1055
-1011000 (base 2) to base 9
-107
Convert -1210110020 (base 3) to base 5.
-2112242
-44203 (base 6) to base 13
-2a30
3893 (base 13) to base 2
1111101111111
Convert 165 (base 9) to base 7.
260
What is 224 (base 15) in base 5?
3414
58 (base 16) to base 11
80
What is 100110 (base 4) in base 7?
3021
202202 (base 3) to base 6
2332
Convert -a8 (base 13) to base 14.
-9c
What is -111110001000101 (base 2) in base 14?
-b845
Convert -3357 (base 9) to base 2.
-100110110010
Convert 1030 (base 6) to base 2.
11101010
What is 329 (base 15) in base 5?
10324
Convert -13121 (base 4) to base 3.
-122112
What is 206 (base 13) in base 9?
422
Convert 85d (base 14) to base 4.
121303
What is 301 (base 9) in base 11?
202
-5341 (base 9) to base 11
-2a49
Convert -2222200 (base 3) to base 16.
-882
Convert -55 (base 12) to base 16.
-41
586 (base 11) to base 3
221220
What is -22424 (base 5) in base 13?
-972
What is -15363 (base 11) in base 5?
-1143403
Convert 6645 (base 16) to base 4.
12121011
Convert 3312221 (base 4) to base 5.
1001120
What is -177 (base 14) in base 10?
-301
Convert -51480 (base 9) to base 5.
-2041210
What is -110110320 (base 4) in base 11?
-57608
-5575 (base 9) to base 5
-112433
785c (base 14) to base 12
100a2
-1101100 (base 2) to base 12
-90
-6253 (base 9) to base 10
-4584
560 (base 16) to base 9
1788
-47601 (base 10) to base 14
-134c1
-1222321 (base 4) to base 8
-15271
-15513 (base 10) to base 5
-444023
Convert 84c (base 14) to base 16.
664
2313333 (base 4) to base 3
121011010
47250 (base 9) to base 10
31554
Convert 533 (base 6) to base 11.
173
-30744 (base 10) to base 8
-74030
What is 16a (base 12) in base 16?
e2
2077 (base 9) to base 8
2770
What is 1344 (base 10) in base 15?
5e9
-234052 (base 7) to base 6
-523254
Convert 30c (base 14) to base 11.
4a6
-11334 (base 5) to base 2
-1101001100
Convert 10000111011100 (base 2) to base 3.
102220001
-20365 (base 7) to base 9
-6761
What is -20 (base 11) in base 10?
-22
Convert 1212020 (base 3) to base 8.
2514
What is -1134 (base 12) in base 6?
-12504
-4468 (base 14) to base 16
-2e4c
Convert 2283 (base 12) to base 2.
111100000011
What is 1551 (base 8) in base 7?
2355
What is 164b (base 14) in base 2?
111110010011
Convert -1302113 (base 6) to base 3.
-10120122200
What is 354 (base 14) in base 16?
296
What is 120444 (base 7) in base 5?
1144322
-7630 (base 15) to base 3
-1021022200
-453 (base 6) to base 5
-1202
Convert 50263 (base 9) to base 15.
9bb9
What is 110101010 (base 2) in base 10?
426
Convert -2264 (base 8) to base 10.
-1204
-122122 (base 3) to base 9
-578
-160336 (base 7) to base 10
-31387
a41 (base 15) to base 12
1407
Convert 5220 (base 8) to base 11.
2039
Convert 1200120 (base 3) to base 14.
63c
40434 (base 8) to base 3
211212100
Convert -2553 (base 7) to base 5.
-12334
Convert -5694 (base 12) to base 4.
-2112100
Convert 748 (base 15) to base 12.
b4b
Convert -626 (base 12) to base 4.
-31332
What is -3684 (base 12) in base 7?
-23632
-31320322 (base 4) to base 2
-1101111000111010
What is -13 (base 10) in base 4?
-31
320103 (base 4) to base 13
1842
What is -12749 (base 12) in base 3?
-1021122110
Convert 5f9 (base 16) to base 10.
1529
What is -2db4 (base 14) in base 13?
-3964
23130 (base 4) to base 5
10412
What is 10200102 (base 3) in base 6?
20232
Convert -4490 (base 10) to base 9.
-6138
What is -1340100 (base 5) in base 7?
-143151
What is 959 (base 14) in base 11?
1426
Convert 314 (base 7) to base 13.
c2
147 (base 10) to base 6
403
Convert -51bb (base 12) to base 8.
-21337
Convert -124c (base 15) to base 9.
-5310
-44011 (base 5) to base 11
-2293
Convert -101101 (base 3) to base 16.
-118
-22120 (base 5) to base 7
-4322
240b (base 12) to base 16
fcb
-993 (base 10) to base 13
-5b5
Convert 10a (base 11) to base 4.
2003
What is 116a (base 13) in base 8?
4626
What is -32772 (base 8) in base 10?
-13818
-134240 (base 5) to base 14
-205c
299 (base 13) to base 15
20e
What is -11524 (base 6) in base 12?
-ba4
Convert -4112 (base 5) to base 6.
-2244
Convert 1b6b (base 12) to base 14.
1347
Convert -4aa2 (base 13) to base 16.
-2972
-1010111011 (base 2) to base 8
-1273
Convert c9b (base 15) to base 10.
2846
6814 (base 10) to base 14
26aa
-6840 (base 12) to base 10
-11568
2154 (base 6) to base 11
417
13d (base 16) to base 13
1b5
What is -11000001000101 (base 2) in base 16?
-3045
234 (base 6) to base 11
86
3032103 (base 4) to base 2
11001110010011
-447 (base 12) to base 7
-1561
2c0 (base 14) to base 15
275
What is -806 (base 11) in base 16?
-3ce
What is -25222 (base 6) in base 2?
-111010101110
What is 216 (base 14) in base 12?
2a4
-12210 (base 4) to base 15
-1d0
Convert 234204 (base 5) to base 13.
3c48
-24233 (base 5) to base 9
-2440
Convert -6240 (base 8) to base 4.
-302200
What is 130031 (base 5) in base 12?
2aa0
4331 (base 6) to base 14
50b
450 (base 8) to base 10
296
Convert -25438 (base 9) to base 2.
-100001011100110
Convert -55314 (base 6) to base 14.
-2b26
-3331102 (base 4) to base 6
-203014
What is 29888 (base 11) in base 14?
115d3
What is -864 (base 10) in base 12?
-600
-161304 (base 8) to base 13
-20567
354610 (base 7) to base 15
13ed4
What is -13b (base 14) in base 2?
-11111001
What is -11122 (base 5) in base 9?
-1064
What is -1025112 (base 6) in base 11?
-34933
What is 2323 (base 6) in base 16?
22b
789 (base 10) to base 6
3353
-44561 (base 7) to base 2
-10110000000000
What is 101d (base 15) in base 13?
171a
What is 101aa (base 11) in base 5?
434012
Convert -d9d (base 14) to base 10.
-2687
3403 (base 7) to base 8
2314
111011110011 (base 2) to base 12
226b
Convert -11000 (base 4) to base 5.
-2240
-1001001001010 (base 2) to base 3
-20102102
8353 (base 11) to base 9
16158
-5673 (base 9) to base 4
-1001211
Convert 866 (base 9) to base 10.
708
1205 (base 15) to base 8
7366
What is -1305 (base 6) in base 12?
-235
What is 11120 (base 5) in base 12?
555
What is 2093 (base 11) in base 6?
20444
3f9 (base 16) to base 5
13032
Convert 230c (base 13) to base 15.
16c8
What is -2305 (base 9) in base 2?
-11010101010
What is -100001101100 (base 2) in base 7?
-6200
-b1 (base 13) to base 16
-90
What is -102010 (base 4) in base 12?
-804
What is -6216 (base 12) in base 16?
-29b2
35a (base 11) to base 6
1552
Convert -688 (base 9) to base 5.
-4231
Convert a51 (base 12) to base 15.
6a1
Convert 1310014 (base 5) to base 8.
62042
Convert -23 (base 7) to base 14.
-13
-100100010 (base 2) to base 8
-442
Convert -12101 (base 3) to base 12.
-101
Convert 13013 (base 4) to base 10.
455
Convert 539 (base 12) to base 9.
1040
110110011010 (base 2) to base 15
1072
12035 (base 8) to base 15
17d4
-1155 (base 10) to base 14
-5c7
Convert -1534 (base 11) to base 3.
-2201002
Convert 1164 (base 9) to base 8.
1544
Convert 32723 (base 8) to ba